 201*l**2 - 195*l**2 + 395*l**2. Give p(-4).
-7
Let u = 30 + -22. Let l(h) = -h**3 + 7*h**2 + 8*h - 9. Let q be l(u). Let f(r) = 5 + 4 + 4*r + r**2 + 6*r. Calculate f(q).
0
Let k be 1 + (-5 - (-7 + (-1)/1)). Let v(x) = -2*x + 11. Calculate v(k).
3
Let s(c) = -c + 5. Let j be (-10)/(-2) - (-4)/(-2). Let x be 2 + 1 - (1 - 1). Suppose x*g - 12 + j = 0. What is s(g)?
2
Let j be (-4 - -2)/((-8)/24). Let p = 13 - 6. Let w(s) = -1 - 5 + p*s - s**2 + 2. Determine w(j).
2
Let v(f) = 2*f**2 + 8 - 5 - 2 - 3*f**2 + 8*f**3 + f. Let i(x) = -x**2 - 4*x + 1. Let k be i(-3). Suppose -5 = k*j + j. Give v(j).
-9
Let d(n) be the second derivative of 3/20*n**5 + 1/12*n**4 + 1/2*n**2 - 16*n + 0 - 1/6*n**3. Let g(w) = w**3 - 8*w**2 - 9*w + 1. Let q be g(9). Determine d(q).
4
Let m be 5/35 + 2/(-14). Suppose 36 = -4*a + 4*j, m = a - 2*j + 12 - 3. Let f(c) = 5*c - 27. Let i(s) = 2*s - 10. Let z(w) = 3*f(w) - 8*i(w). Calculate z(a).
8
Let a(r) be the second derivative of r**6/120 + r**5/60 + r**3/3 - 8*r**2 - 10*r. Let s(q) be the first derivative of a(q). What is s(-2)?
-2
Let q(b) = -4*b + 2. Let s(r) = -3*r. Let v(o) = -4*q(o) + 6*s(o). What is v(-7)?
6
Suppose -24 = -4*a - 0*a. Suppose -6*q + 1 + 11 = 0. Let y(c) = -c**3 + 5*c**2 - 9*c. Let x(m) = -m**2 - m. Let w(g) = q*x(g) - y(g). What is w(a)?
6
Let p(m) = m + 4. Let l(w) = w**2 - 14*w + 10. Let s(v) = v**2 - 15*v + 9. Let j(o) = -3*l(o) + 2*s(o). Let f be j(10). Determine p(f).
12
Suppose s = 3*t - 1 - 4, -4 = -2*t. Let p = s - -3. Let b(o) = -o + 3. What is b(p)?
-1
Let s(h) be the second derivative of 0 + 3*h + 2*h**2 + 1/12*h**4 - 1/6*h**3. Let n(x) = -x**2 + x. Let t be n(1). Give s(t).
4
Let x be -9*(-8)/36 + 0/1. Let p(h) = h**3 - 2*h**2 + 4*h - 3. Determine p(x).
5
Let h(p) be the first derivative of -p**3/3 + 5*p**2/2 + 2*p - 14. Calculate h(4).
6
Let v(z) = z**3 + 5*z**2 - 4*z + 12. Let d be -20 - (-16 - -4) - -2. Give v(d).
0
Let z(n) = -n**3 - 11*n**2 + n - 9. Suppose -29*c + 27*c = -5*d + 22, 0 = 4*c + 3*d + 44. Determine z(c).
-20
Suppose 10*q = 12*q - 8. Let u(l) = q*l + 0*l - 2*l - l + 2. Give u(-7).
-5
Let t = -9 + 13. Suppose p - 5*y + 1 = 0, 0 = -t*p - 5*y - 5 + 26. Suppose 3*n = -o + p, -3*n - 12 = -8*n - 3*o. Let j(a) = a**2 + a + 2. Calculate j(n).
2
Let o(x) be the third derivative of 0 + 0*x - 1/2*x**3 + 1/24*x**4 - 7*x**2. What is o(2)?
-1
Suppose -5*a + 23 - 3 = 0. Let f(n) = -a*n - 61 + 2*n + 69. Calculate f(7).
-6
Let o be (0 - 2/8) + (-1935)/(-172). Let v(g) = -g**2 + 11*g - 2. Determine v(o).
-2
Suppose 1014 - 78 = -78*y. Let p(v) = v**3 + 11*v**2 - 9*v + 34. Calculate p(y).
-2
Let y be -1 - 84/(10 + 2). Let m(l) = -6*l - 56. Determine m(y).
-8
Suppose -2*h + 7 = -v, -5*v + 18 = 2*h + 5. Let f(q) = -115978*q + 2 - 2 + 115974*q. What is f(h)?
-16
Let v(y) = -y. Let a be 7/(-14)*0/2. Suppose d = 5*j + 2, -4*d + 8 = -a*d - j. Calculate v(d).
-2
Let r(i) be the first derivative of -3*i**2/2 + i + 1. Suppose -2*d = -0*d - 2. Give r(d).
-2
Suppose -6 = -4*j + 2. Let k(d) = -2*d**j + d**2 + 0*d**2 - 4*d. Let n = -950 + 945. Calculate k(n).
-5
Let p(k) be the first derivative of k**4/4 - 5*k**3 + 15*k**2/2 - 18*k + 29. Let q be p(14). Let r(y) = y**3 + 3*y**2 - 2*y - 4. Give r(q).
-12
Suppose -g + 3 = -8*p + 6*p, 0 = 5*g + 4*p + 41. Let t(u) = u + 11. What is t(g)?
6
Let r be -3 + (-14)/2 + -1. Let h(y) = 2*y + 19. Let x be h(r). Let m(q) = -q**2 - 2*q + 3. Determine m(x).
0
Let y(n) = 7*n**3 + n**2. Suppose 4*v - 25 = k, 0 = 5*k + 2 + 3. Let o be (-4 - -1)*31/(-93). Suppose o = x, 4*t - x = -t - v. What is y(t)?
-6
Let q(d) = -d**2 + 6*d - 1. Let o(j) = -2*j**3 + 19*j**2 - 9*j. Let p be o(9). Suppose 3*f - 8 - 10 = p. What is q(f)?
-1
Let s(i) be the third derivative of -i**4/24 - 7*i**3/3 - 2*i**2 + 16. Give s(-6).
-8
Let r(h) = h**2 - 1. Let s(n) = 6*n**2 + 8*n. Suppose 2 + 8 = -2*q. Let c(a) = q*r(a) + s(a). Let i be c(-8). Let g(w) = w**2 - 5*w + 4. Give g(i).
4
Let x(z) = -2*z**2 + 42*z + 40. Let q be x(-1). Let d(f) = -f**3 - 4*f**2 - f + 1. Calculate d(q).
5
Let w(f) = -f**2 + f + 3. Suppose 27*y - 29*y - 182 = 0. Let i = -88 - y. Give w(i).
-3
Let n(d) = -2*d**2 - 3*d + 2. Suppose 5*z = 9*z - 104. Suppose -3*h + 16*h - z = 0. What is n(h)?
-12
Let w(c) = c + 4. Let m = 2221 - 2225. Calculate w(m).
0
Let y(z) be the first derivative of z**5/20 + 5*z**4/12 - 4*z**3/3 - 3*z**2 + 6*z - 1. Let m(b) be the first derivative of y(b). Calculate m(-6).
6
Let t(i) = -2*i**3 - 4*i**2 - 9*i - 4. Let n(y) = 3*y + 2*y - y**2 - 3*y - 1 - 3*y. Let q(h) = -6*n(h) + t(h). What is q(2)?
-12
Let k(y) = -y + 14. Let r = 99 - 95. Suppose -4 + r = 9*u. What is k(u)?
14
Suppose -2*p = -4*o + 22, 4*o - 4 = 6*p - 10*p. Let h(d) = -8*d + 6. Let k(w) = -33*w + 24. Let s(g) = 21*h(g) - 5*k(g). Calculate s(o).
-6
Let b(d) = 2*d + 2 - d**2 - 4 - 10*d. Let g be (2 + -3)/((-1)/(-174))*1. Let h = -180 - g. Calculate b(h).
10
Let l(c) = -c**3 - 2*c**2 - 3*c - 2. Let j be 18/4*20/30. Suppose -2*b + 21 = z + j*b, -5*b - 23 = -3*z. Suppose z = -4*p + 3. Determine l(p).
4
Let t(b) be the second derivative of -b**4/12 - b**3/6 - b**2/2 + 270*b. Determine t(3).
-13
Let v(x) be the second derivative of x - x**2 + 0 - 1/6*x**3. What is v(4)?
-6
Let o = -12 - -22. Let d = -6 + o. Suppose -4*m = 5*r - 7*m - 4, -3*r + 5*m - d = 0. Let g(q) = -2*q**2 + 2*q + 2. What is g(r)?
-2
Let i(s) = s**3 - 32*s**2 - 31*s - 68. Let b be i(33). Let k be 6/(-6) + 2/1. Let f(o) = -2*o - k + 5*o + 0. What is f(b)?
-7
Let t be 12/138 + (702/69)/(-2). Let q(k) = k + 15. Give q(t).
10
Let w(c) = c + 5. Let a be w(-6). Let y(n) = -18 - 2*n - 16 - 8*n**3 - 7*n**3 + 48 - 15. Give y(a).
16
Suppose 0 = 218*o - 231*o - 169. Let m(a) = a**3 + 12*a**2 - 11*a + 19. Calculate m(o).
-7
Let t(k) = -17*k**3 - 2*k**2 + 6*k - 6. Let n(x) = -8*x**3 - x**2 + 2*x - 3. Let d(q) = -7*n(q) + 3*t(q). Give d(-1).
-5
Let m(o) = 14 + 34*o - 38*o + 3*o + 5*o. Give m(-4).
-2
Suppose 0*b + 5*b + 5 = 0. Let g(z) be the third derivative of z**4/2 - z**3/6 - z**2 + 76*z. What is g(b)?
-13
Let g(d) = 5*d - 90. Let v be g(19). Let q(z) = z**3 - 5*z**2 + 12. What is q(v)?
12
Suppose -v = -0*v - 6. Let w = v - 4. Let d(s) = -s**2 + 1 + 0*s**2 + s + s**w - 3*s**2. Give d(-2).
-13
Suppose 4*s - 26 = 3*s - w, -5*w = -10. Let q = -28 + s. Let u(v) = -10*v**2 + 4*v**2 - v - 4*v - v**3. Give u(q).
-12
Let q = -19 - -30. Let c = -17 + q. Let h(i) = -i**3 - 5*i**2 + 8*i - 4. Give h(c).
-16
Let h(x) = 3*x**3 + 2*x**2 + 10*x - 15. Let o(r) = -7*r**3 - 3*r**2 - 20*r + 32. Let d(n) = -9*h(n) - 4*o(n). Give d(7).
-14
Let l(c) = 31*c**2 + c**3 + 26*c**2 - 10*c - 66*c**2 + 19*c**2 + 7. Give l(-11).
-4
Let y = 59 - 64. Let j(p) = -p**2 + 6*p + 4. Suppose c + 4*c = 20. Let d(m) = -m**2 + 6*m + 3. Let f(t) = c*d(t) + y*j(t). Calculate f(6).
-8
Let d(k) be the first derivative of -k**4/4 - k**3 + 2*k**2 + 2. Let p(u) = 3*u**3 + 6*u**2 + 7*u + 10. Let r be p(-2). What is d(r)?
0
Suppose -4*z = -4*k + 8, -4*z + 5*z = -4*k + 18. Let q(g) = 5*g**2 - 17*g**3 - 4*g + 14*g**3 + 4 + 2*g**3. Determine q(k).
4
Let j(t) = -t**3 - 27*t**2 - 30*t - 111. Let f be j(-26). Let r(o) = -5*o + 4 - 6 - o**2 - 4*o. Give r(f).
12
Let j(q) = q**3 + 7*q**2 - 9*q - 8. Let l = 18 - -8. Suppose d = -0*d + 4*u - 16, l = -4*d - 3*u. Calculate j(d).
0
Let b(w) = 3*w**2 - 12*w - 6. Let a(y) = -y**2 + 5*y + 2. Let q(r) = -5*a(r) - 2*b(r). Determine q(-3).
-4
Let g(l) = -l**2 - 11*l + 36. Let v be g(2). Let k(j) be the first derivative of -1/2*j**2 - v - j. Give k(6).
-7
Let g(s) = -s**3 - 11*s**2 - 10*s - 3. Suppose -25*j - 258 = -8. Determine g(j).
-3
Let x(y) = y. Let s(t) be the second derivative of -t**3/6 + t**2/2 - 25*t - 2. Let u(r) = -2*s(r) - x(r). Give u(-9).
-11
Let j(z) be the third derivative of -13*z**6/120 - z**5/60 + z**3/6 - 43*z**2. Give j(-1).
13
Let m(f) be the third derivative of -1/6*f**3 + 1/12*f**4 + 0*f + 47*f**2 + 0. Give m(-2).
-5
Suppose 32*k + 96 + 96 = 0. Let p(f) be the second derivative of -1/12*f**4 + 0*f**2 + f - f**3 + 0. Give p(k).
0
Let f = 41 - 39. Let i(o) = 42*o + 3*o**2 + 34*o - f*o**3 - 78*o + 1. Give i(2).
-7
Let g(r) = -r**3 + 30*r**2 + 38*r - 3. Let f(o) = 2*o**3 - 61*o**2 - 78*o + 4. Let n(h) = 6*f(h) + 13*g(h). What is n(25)?
10
Let n = -376 - -366. Let p(u) = -u**2 - 11*u + 4. G